{"id":2737,"date":"2016-03-23T12:03:22","date_gmt":"2016-03-23T11:03:22","guid":{"rendered":"http:\/\/www.muggedaetscher.ch\/?page_id=2737"},"modified":"2026-04-15T18:29:19","modified_gmt":"2026-04-15T16:29:19","slug":"news-3","status":"publish","type":"page","link":"https:\/\/www.muggedaetscher.ch\/","title":{"rendered":"Fasnachtsgesellschaft Mugged\u00e4tscher Basel"},"content":{"rendered":"<div class=\"wpb-content-wrapper\"><p>[vc_row css=&#8220;.vc_custom_1709300014288{background-color: #ffffff !important;}&#8220;][vc_column width=&#8220;1\/2&#8243;][vc_text_separator title=&#8220;Wer sind die Mugged\u00e4tscher?&#8220;][vc_column_text]Die Fasnachtsgesellschaft Muggedaetscher ist ein politisch und konfessionell neutraler Verein, der die Tradition der Basler Fasnacht pflegt, und M\u00e4nnern sowie Frauen offen steht. Grossen Wert legen wir auf das Trommeln und Pfeifen. Der Spass kommt dabei jedoch nicht zu kurz. Ebenso wichtig ist uns die Geselligkeit. Neuerungen, die der Lauf der Zeit mit sich bringt, begegnen wir aufgeschlossen, ohne dabei die traditionellen Elemente der Basler Fasnacht \u00fcber Bord zu werfen. Beispielsweise treten wir am Monster-Trommelkonzert (\u201cDrummeli\u201d) entweder mit einem speziell fuer diese Vorfasnachtsveranstaltung arrangierten Vortrag auf oder tragen einen traditionellen Fasnachtsmarsch vor. Als sogenannter Stammverein verpflichten wir uns zus\u00e4tzlich zum alle drei Jahre wiederkehrenden Auftritt am Drummeli zur Fasnachtsteilnahme mit mindestens je 9 Vortr\u00e4blern, Pfeifern und Tambouren sowie zur F\u00fchrung einer Jungen Garde samt \u201cBinggisziigli\u201d, in welcher Kinder nebst dem Spielen des Instruments von Grund auf lernen, was den besonderen Reiz der Basler Fasnacht ausmacht und wie man sich darauf vorbereitet. Mitglieder, die alles etwas ruhiger angehen, aber vielleicht trotzdem am Drummeli als Statisten zusammen mit dem Stamm auf der Buehne stehen wollen, sind in der Alten Garde richtig.[\/vc_column_text][\/vc_column][vc_column width=&#8220;1\/2&#8243;][vc_text_separator title=&#8220;Aktuelles&#8220; css=&#8220;&#8220;][vc_single_image image=&#8220;3792&#8243; img_size=&#8220;large&#8220; css=&#8220;&#8220;][vc_separator css=&#8220;&#8220;][vc_column_text css=&#8220;.vc_custom_1709300138230{margin-bottom: 10px !important;border-bottom-width: 0px !important;padding-bottom: 0px !important;}&#8220;]<em><strong><span style=\"color: #777777; font-family: Arial; font-size: small;\">Gmeinsami Iebigsstund Mugge 2021<\/span><\/strong><\/em>[\/vc_column_text][vc_raw_html]JTVCdmlkZW8lMjB3aWR0aCUzRCUyMjg0OCUyMiUyMGhlaWdodCUzRCUyMjQ4MCUyMiUyMG1wNCUzRCUyMmh0dHAlM0ElMkYlMkZ3d3cubXVnZ2VkYWV0c2NoZXIuY2glMkZ3cC1jb250ZW50JTJGdXBsb2FkcyUyRjIwMjElMkYwOSUyRlZpZGVvX1VlYnVuZ19TdGFtbS5tcDQlMjIlNUQlNUIlMkZ2aWRlbyU1RA==[\/vc_raw_html][\/vc_column][\/vc_row][vc_row][vc_column][vc_text_separator title=&#8220;Neuigkaite&#8220;][\/vc_column][\/vc_row][vc_row][vc_column][vc_basic_grid post_type=&#8220;post&#8220; max_items=&#8220;3&#8243; initial_loading_animation=&#8220;none&#8220; grid_id=&#8220;vc_gid:1776270526866-5eccb7f1-68f6-3&#8243;][\/vc_column][\/vc_row]<\/p>\n<\/div>","protected":false},"excerpt":{"rendered":"<p>[vc_row css=&#8220;.vc_custom_1709300014288{background-color: #ffffff !important;}&#8220;][vc_column width=&#8220;1\/2&#8243;][vc_text_separator title=&#8220;Wer sind die Mugged\u00e4tscher?&#8220;][vc_column_text]Die Fasnachtsgesellschaft Muggedaetscher ist ein politisch und konfessionell neutraler Verein, der die Tradition der Basler Fasnacht pflegt, und M\u00e4nnern sowie Frauen offen&#8230;<\/p>\n","protected":false},"author":1,"featured_media":0,"parent":0,"menu_order":0,"comment_status":"closed","ping_status":"closed","template":"","meta":{"footnotes":""},"class_list":["post-2737","page","type-page","status-publish","hentry"],"_links":{"self":[{"href":"https:\/\/www.muggedaetscher.ch\/index.php\/wp-json\/wp\/v2\/pages\/2737","targetHints":{"allow":["GET"]}}],"collection":[{"href":"https:\/\/www.muggedaetscher.ch\/index.php\/wp-json\/wp\/v2\/pages"}],"about":[{"href":"https:\/\/www.muggedaetscher.ch\/index.php\/wp-json\/wp\/v2\/types\/page"}],"author":[{"embeddable":true,"href":"https:\/\/www.muggedaetscher.ch\/index.php\/wp-json\/wp\/v2\/users\/1"}],"replies":[{"embeddable":true,"href":"https:\/\/www.muggedaetscher.ch\/index.php\/wp-json\/wp\/v2\/comments?post=2737"}],"version-history":[{"count":71,"href":"https:\/\/www.muggedaetscher.ch\/index.php\/wp-json\/wp\/v2\/pages\/2737\/revisions"}],"predecessor-version":[{"id":3793,"href":"https:\/\/www.muggedaetscher.ch\/index.php\/wp-json\/wp\/v2\/pages\/2737\/revisions\/3793"}],"wp:attachment":[{"href":"https:\/\/www.muggedaetscher.ch\/index.php\/wp-json\/wp\/v2\/media?parent=2737"}],"curies":[{"name":"wp","href":"https:\/\/api.w.org\/{rel}","templated":true}]}}