{"id":32,"date":"2016-02-23T11:58:48","date_gmt":"2016-02-23T10:58:48","guid":{"rendered":"http:\/\/www.muggedaetscher.ch\/?page_id=32"},"modified":"2024-02-28T10:07:36","modified_gmt":"2024-02-28T09:07:36","slug":"geschichte-stamm","status":"publish","type":"page","link":"https:\/\/www.muggedaetscher.ch\/index.php\/stamm\/geschichte-stamm\/","title":{"rendered":"Stamm \u2013 Geschichte"},"content":{"rendered":"<div class=\"wpb-content-wrapper\"><p>[vc_row][vc_column][vc_text_separator title=&#8220;Entstehung der Mugged\u00e4tscher&#8220;][\/vc_column][\/vc_row][vc_row][vc_column width=&#8220;1\/2&#8243;][vc_column_text]Am 29. August <strong>1955<\/strong> wurden die Mugged\u00e4tscher im Restaurant \u201eZur alten Gerbe\u201c gegr\u00fcndet. Es steht geschrieben: \u201cEs haben sich lediglich einige \u00e4ltere Herren zusammengefunden zur Pflege der Geselligkeit und der Fasnacht im traditionellen Sinne.\u201c Diese Herren stammten aus der \u201eSans-G\u0090\u00e8ne Alte Garde\u201c. Aus dem Jahresbericht vom 21. April 1956 kann entnommen werden: \u201eDank dem uneigenn\u00fctzigen Schaffen und Wirken unserer paar \u201eNasen\u201c haben wir einen kleinen Gewinn verbuchen k\u00f6nnen. Wir d\u00fcrfen also mit Ruhe und Zuversicht an die n\u00e4chste, unsere zweite Fasnacht denken, immer vorausgesetzt, dass jedes Mitglied stets kr\u00e4ftig und selbstlos mithilft, unsere sch\u00f6ne Fasnachts-Tradition weiter zu pflegen.\u201c<\/p>\n<p>Der Name wurde erst am 7. Februar <strong>1958<\/strong> festgelegt. Man einigte sich auf die damals bekannte Sendung aus dem Radiostudio Basel \u201eMugged\u00e4tscher\u201c.[\/vc_column_text][vc_video link=&#8220;https:\/\/www.youtube.com\/watch?v=Ro4CtmqlGak&#8220; el_aspect=&#8220;43&#8243;][vc_column_text]<em>Mugged\u00e4tscher Sendung 1962<\/em>[\/vc_column_text][\/vc_column][vc_column width=&#8220;1\/2&#8243;][vc_column_text]In den Jahren <strong>1956<\/strong> und <strong>1957<\/strong> standen sechs Tambouren ohne Pfeifer ein. Im Jahre 1958 kamen dann erstmals Ehefrauen und Freundinnen als Vortr\u0160bler und Pfeiferinnen dazu. Das Repertoire bestand aus neun M\u00e4rschen, davon zwei Trommelm\u00e4rsche.<\/p>\n<p>Nun ging es stetig aufw\u00e4rts und so wurden im Jahr <strong>1960<\/strong> bereits 12 Tambouren, 13 Pfeifer und 27 Passive gez\u00e4hlt. 15 Jahre sp\u00e4ter <strong>1975<\/strong> hatten die Mugged\u00e4tscher ihren ersten B\u00fchnenauftritt mit dem Gluggsi am Monster Drummelkonzert. Der Gedanke sich als Mugged\u00e4tscher eine Zukunft zu sichern wurde immer st\u00e4rker und so wurde der Wunsch, eine Junge Garde zu gr\u00fcnden, immer konkreter.<\/p>\n<p>Im Jahr <strong>1979<\/strong> war es dann soweit. Der Zulauf war \u00fcberraschend gross. Gab es doch in dieser Zeit noch wenige Stammvereine die auch den M\u00e4dchen sp\u00e4ter den \u00dcbertritt in den Stammverein erm\u00f6glichten.<\/p>\n<p><strong>1981<\/strong> lief dann erstmals eine Junge Garde mit 32 Vortrab und 12 Pfeifern. 3-stimmig. 1 Jahr sp\u00e4ter waren es bereits 20 Vortrab, 24 Pfeifer, 2 Tambouren und nat\u00fcrlich 1 Tambourmajor mit einem Repertoir von 7 M\u00e4rschen. Zwei Jahre sp\u00e4ter 1983 war es sogar m\u00f6glich ein \u201eBinggiszyygli\u201c laufen zu lassen.<\/p>\n<p>Seit <strong>1985<\/strong> betreiben die Mugged\u00e4tscher ein eigenes Vereinslokal im St. Johanns-Tor.<\/p>\n<p>Die Jungen wuchsen und damit auch der Stammverein. 1992 liefen am Morgestraich 45 Vortrab, 73 Pfeifer und 50 Tambouren, davon im Stammverein 27 Vortrab, 42 Pfeifer und 21 Tambouren. Das Repertoire hat sich seit Anfangs auch verdreifacht auf 26 M\u00e4rsche. Wieder war es an der Zeit eine neue Idee zu verfolgen und die Gr\u0178ndung einer Alten Garde wurde ins Auge gefasst. <strong>1995<\/strong> war es dann soweit die Alte Garde wurde im Caf\u00e9 Spitz gegr\u00fcndet.<\/p>\n<p><strong>Heute: <\/strong>Noch heute verfolgen die Mugged\u00e4tscher stolz die alten Grunds\u00e4tze ihrer Gr\u00fcndungsmitglieder. Neben der Geselligkeit, die bei uns einen grossen Stellenwert hat, pflegen wir auch unser musikalisches K\u00f6nnen.[\/vc_column_text][\/vc_column][vc_column][\/vc_column][\/vc_row]<\/p>\n<\/div>","protected":false},"excerpt":{"rendered":"<p>[vc_row][vc_column][vc_text_separator title=&#8220;Entstehung der Mugged\u00e4tscher&#8220;][\/vc_column][\/vc_row][vc_row][vc_column width=&#8220;1\/2&#8243;][vc_column_text]Am 29. August 1955 wurden die Mugged\u00e4tscher im Restaurant \u201eZur alten Gerbe\u201c gegr\u00fcndet. Es steht geschrieben: \u201cEs haben sich lediglich einige \u00e4ltere Herren zusammengefunden zur Pflege&#8230;<\/p>\n","protected":false},"author":1,"featured_media":0,"parent":20,"menu_order":0,"comment_status":"closed","ping_status":"closed","template":"","meta":{"footnotes":""},"class_list":["post-32","page","type-page","status-publish","hentry"],"_links":{"self":[{"href":"https:\/\/www.muggedaetscher.ch\/index.php\/wp-json\/wp\/v2\/pages\/32","targetHints":{"allow":["GET"]}}],"collection":[{"href":"https:\/\/www.muggedaetscher.ch\/index.php\/wp-json\/wp\/v2\/pages"}],"about":[{"href":"https:\/\/www.muggedaetscher.ch\/index.php\/wp-json\/wp\/v2\/types\/page"}],"author":[{"embeddable":true,"href":"https:\/\/www.muggedaetscher.ch\/index.php\/wp-json\/wp\/v2\/users\/1"}],"replies":[{"embeddable":true,"href":"https:\/\/www.muggedaetscher.ch\/index.php\/wp-json\/wp\/v2\/comments?post=32"}],"version-history":[{"count":15,"href":"https:\/\/www.muggedaetscher.ch\/index.php\/wp-json\/wp\/v2\/pages\/32\/revisions"}],"predecessor-version":[{"id":3340,"href":"https:\/\/www.muggedaetscher.ch\/index.php\/wp-json\/wp\/v2\/pages\/32\/revisions\/3340"}],"up":[{"embeddable":true,"href":"https:\/\/www.muggedaetscher.ch\/index.php\/wp-json\/wp\/v2\/pages\/20"}],"wp:attachment":[{"href":"https:\/\/www.muggedaetscher.ch\/index.php\/wp-json\/wp\/v2\/media?parent=32"}],"curies":[{"name":"wp","href":"https:\/\/api.w.org\/{rel}","templated":true}]}}